{"id":697,"date":"2020-04-17T09:37:21","date_gmt":"2020-04-17T07:37:21","guid":{"rendered":"http:\/\/chogal.es\/web\/?page_id=697"},"modified":"2023-10-27T15:40:49","modified_gmt":"2023-10-27T13:40:49","slug":"politica-cookies","status":"publish","type":"page","link":"https:\/\/chogal.es\/web\/politica-cookies\/","title":{"rendered":"Pol\u00edtica de cookies"},"content":{"rendered":"<p>[vc_row][vc_column][vc_column_text]<\/p>\n<h4><strong><u>\u00bfQu\u00e9 son las cookies?<\/u><\/strong><\/h4>\n<p>Una cookie es un fichero que se descarga en su dispositivo al acceder a determinadas p\u00e1ginas web. Las cookies permiten gestionar el acceso de usuarios a zonas restringidas, el<br \/>\nalmacenamiento y recuperaci\u00f3n de informaci\u00f3n sobre los h\u00e1bitos de navegaci\u00f3n del usuario o del dispositivo, etc.<\/p>\n<h4><strong><u>\u00bfQu\u00e9 cookies se utilizan en la web, con qu\u00e9 finalidad y cu\u00e1nto tiempo se conservan?<\/u><\/strong><\/h4>\n<p>A continuaci\u00f3n, relacionamos todas las cookies que utilizamos en nuestra web. Es probable que, en funci\u00f3n de c\u00f3mo est\u00e9 configurado su navegador, se le muestren menos.<\/p>\n<p>Cookies t\u00e9cnicas o necesarias: Estas cookies son esenciales para proveer los servicios disponibles en nuestra web y para permitir la utilizaci\u00f3n de algunas caracter\u00edsticas del misma.<\/p>\n<p>&nbsp;<\/p>\n<h4><strong><u>\u00bfPor qu\u00e9 podemos usar las cookies?<\/u><\/strong><\/h4>\n<p>Las cookies necesarias se encuentran fuera del \u00e1mbito de aplicaci\u00f3n de la Ley 34\/2002, de 11 de julio, de servicios de la sociedad de la informaci\u00f3n y de comercio electr\u00f3nico por lo que no tiene opci\u00f3n de dar ni de retirar su consentimiento.<\/p>\n<h4><strong><u>\u00bfTiene la posibilidad de retirar el consentimiento?<\/u><\/strong><\/h4>\n<p>Debido a que las cookies empleadas son estrictamente necesarias para el funcionamiento del\u00a0sitio web, se encuentran fuera del \u00e1mbito de aplicaci\u00f3n de la Ley 34\/2002, de 11 de julio, de servicios de la sociedad de la informaci\u00f3n y de comercio electr\u00f3nico por lo que no tiene opci\u00f3n de dar ni de retirar su consentimiento<\/p>\n<h4><span style=\"text-decoration: underline;\"><b>\u00bfC\u00f3mo<\/b><strong>\u00a0puedo desactivar o eliminar las Cookies?<\/strong><\/span><\/h4>\n<p>Puede permitir, bloquear o eliminar las cookies instaladas en su dispositivo mediante la configuraci\u00f3n de las opciones del navegador. En los siguientes enlaces encontrar\u00e1 informaci\u00f3n adicional sobre las opciones de configuraci\u00f3n de las cookies para distintos navegadores.<\/p>\n<p>Internet Explorer: <a href=\"https:\/\/support.microsoft.com\/es-es\/topic\/c%C3%B3mo-eliminar-archivos-de-cookies-en-internet-explorer-bca9446f-d873-78de-77ba-d42645fa52fc\">https:\/\/support.microsoft.com\/es-es\/topic\/c%C3%B3mo-eliminar-archivos-de-cookies-en-internet-explorer-bca9446f-d873-78de-77ba-d42645fa52fc<\/a><\/p>\n<p>GoogleChrome:<a href=\"https:\/\/support.google.com\/chrome\/answer\/95647?co=GENIE.Platform%3DDesktop&amp;hl=es\">https:\/\/support.google.com\/chrome\/answer\/95647?co=GENIE.Platform%3DDesktop&amp;hl=es<\/a><\/p>\n<p>Firefox:\u00a0<a href=\"https:\/\/support.mozilla.org\/es\/kb\/Deshabilitar%20cookies%20de%20terceros\">https:\/\/support.mozilla.org\/es\/kb\/Deshabilitar%20cookies%20de%20terceros<\/a><\/p>\n<p>Safari:\u00a0<a href=\"https:\/\/support.apple.com\/es-es\/guide\/safari\/sfri11471\/mac\">https:\/\/support.apple.com\/es-es\/guide\/safari\/sfri11471\/mac<\/a><\/p>\n<h4><strong><u>\u00bfSe realizar\u00e1n transferencias de sus datos a terceros pa\u00edses?<\/u><\/strong><\/h4>\n<p>Las cookies existentes en la p\u00e1gina web son propias, no se realizan transferencias internacionales de sus datos a terceros pa\u00edses.<\/p>\n<h4><strong><u>\u00bfC\u00f3mo administrar cookies en el navegador?<\/u><\/strong><\/h4>\n<p>Si desea obtener m\u00e1s informaci\u00f3n sobre quien es el responsable del tratamiento de sus datos, sobre cu\u00e1les son sus derechos y c\u00f3mo ejercitarlos, puede hacerlo a trav\u00e9s de nuestra <a href=\".\/politica-privacidad\/\">Pol\u00edtica de Privacidad<\/a>.[\/vc_column_text][\/vc_column][\/vc_row]<\/p>\n","protected":false},"excerpt":{"rendered":"<p>[vc_row][vc_column][vc_column_text] \u00bfQu\u00e9 son las cookies? Una cookie es un fichero que se descarga en su dispositivo al acceder a determinadas p\u00e1ginas web. Las cookies permiten gestionar<span class=\"excerpt-hellip\"> [\u2026]<\/span><\/p>\n","protected":false},"author":1,"featured_media":0,"parent":0,"menu_order":0,"comment_status":"closed","ping_status":"closed","template":"","meta":{"footnotes":""},"_links":{"self":[{"href":"https:\/\/chogal.es\/web\/wp-json\/wp\/v2\/pages\/697"}],"collection":[{"href":"https:\/\/chogal.es\/web\/wp-json\/wp\/v2\/pages"}],"about":[{"href":"https:\/\/chogal.es\/web\/wp-json\/wp\/v2\/types\/page"}],"author":[{"embeddable":true,"href":"https:\/\/chogal.es\/web\/wp-json\/wp\/v2\/users\/1"}],"replies":[{"embeddable":true,"href":"https:\/\/chogal.es\/web\/wp-json\/wp\/v2\/comments?post=697"}],"version-history":[{"count":11,"href":"https:\/\/chogal.es\/web\/wp-json\/wp\/v2\/pages\/697\/revisions"}],"predecessor-version":[{"id":744,"href":"https:\/\/chogal.es\/web\/wp-json\/wp\/v2\/pages\/697\/revisions\/744"}],"wp:attachment":[{"href":"https:\/\/chogal.es\/web\/wp-json\/wp\/v2\/media?parent=697"}],"curies":[{"name":"wp","href":"https:\/\/api.w.org\/{rel}","templated":true}]}}